q). Let y = z - -189. Is y a prime number?
False
Let i be (1 - 1)*2/4. Suppose k + 2*x + x - 38 = i, -2*k + x = -97. Is k composite?
False
Let r be (1 - (0 - 0))*3. Let c(k) = -r - 6*k + k - 1. Is c(-5) a prime number?
False
Let i be ((-21)/(-6)*-2)/(-1). Suppose -i*p + 3*p + 636 = 0. Is p a composite number?
True
Is 1/3*0 + 1947/3 composite?
True
Suppose x + 6 = 312. Let s = x + -103. Is s composite?
True
Let n = 327 - -235. Is n prime?
False
Let p be 656/12 - (-1)/3. Suppose 2*q + p = 7*q. Let v = q + 20. Is v a prime number?
True
Suppose 3*i - 27 = -0*i. Let u(h) = 2*h**2 - 8*h - 7. Is u(i) a prime number?
True
Suppose -308 = -t - 3*t - 5*l, 2*t = 5*l + 154. Is t a composite number?
True
Let s be (-9)/(-15) - 6/10. Is s - (2*-48 - -1) composite?
True
Let z(d) = 17*d + 3. Is z(2) a prime number?
True
Let i(x) = x**3 - 5*x**2 - 4*x - 2. Let v(g) = -g**2 + 6*g + 3. Let n be v(3). Let p be ((-1)/2)/((-1)/n). Is i(p) a prime number?
False
Suppose 128 - 513 = -5*x. Is x a composite number?
True
Let t(n) = -n**2 + 4*n + 5. Let u be t(4). Suppose -18*x = -13*x - 40. Suppose -u*l - 381 = -x*l. Is l a composite number?
False
Is 10/(-15)*(-4221)/6 composite?
True
Let o(a) = -71*a + 14. Let d be o(-6). Let n = d - 297. Is n composite?
True
Suppose -2*s - 3*s + 47 = t, -5*s + 2*t = -56. Let r = 87 - s. Is r composite?
True
Let u = 0 - -3. Let y = -3 + u. Let s = 3 - y. Is s composite?
False
Let h(p) = 3*p**2 - p. Let i be h(-1). Suppose -k + 15 = i*k. Is ((-28)/10)/(k/(-15)) composite?
True
Suppose -y - 5 = -3*s - 13, 2*s = -4. Suppose -y*h = -222 - 32. Is h a prime number?
True
Suppose 1 = -4*n + 13. Suppose -q + 844 = n*q. Is q composite?
False
Let r(t) = -t**3 + t**2 - t + 11. Let z be r(0). Suppose 0 = 5*a - z + 1. Suppose 2*v - 56 = -3*g, 0 = -v - a*v + 5*g + 46. Is v a prime number?
False
Suppose -4*k + 73 = 1. Let v = -15 + 10. Let f = v + k. Is f prime?
True
Suppose 5*g - 7 = -0*u - 2*u, 0 = -2*u - g + 3. Let m be (-4)/(-1) - (2 - u). Suppose 0*j - 393 = -m*j. Is j composite?
False
Let o(s) = s**3 + s**2 + 2*s + 683. Is o(0) a composite number?
False
Let y = 458 - 159. Is y composite?
True
Suppose 2*j - 37 - 3 = 0. Suppose 0 = -r, -4*r + 10 + j = 5*u. Is -2*-1*171/u a composite number?
True
Suppose 15 = 5*z, -j + 0*z - 3*z = -17. Let l(w) = 6*w**2 + 2*w - 3. Is l(j) composite?
False
Suppose l - 1057 = 2*j - 7*j, -1048 = -5*j - 4*l. Suppose -3*i - 3*c - j = -593, -c = 4*i - 496. Is i composite?
True
Suppose -2*c + 7*c = 1585. Is c a composite number?
False
Suppose -2*n + 6*n - 6 = 2*v, 3*n + 2*v + 13 = 0. Let g be (-2*(-6 + 3))/n. Let y(t) = -10*t - 5. Is y(g) a prime number?
False
Let n(y) = 2*y**2 + 5*y + 14. Is n(-7) composite?
True
Let a be (332/10)/((-1)/(-5)). Suppose 0 = -5*r - 2*p + a, -2*r + 0*r + 5*p + 78 = 0. Is r composite?
True
Let b(w) = w**3 + 7*w**2 + 2*w - 6. Let c be b(-6). Let j = 53 - c. Is j composite?
True
Suppose 2*t + 50 = 8. Let s be 2 + (0 - t/(-3)). Let b(p) = p**2 - p + 1. Is b(s) a composite number?
False
Let c(k) = -k**3 + 16*k**2 - 20*k - 9. Is c(10) prime?
False
Let r be 3570/9 + 1/3. Let h = 672 - r. Is h/4 + 1/4 a prime number?
False
Let a(z) = 2*z**3 + 2. Let p be a(-2). Is (6/4)/((-1)/p) a prime number?
False
Let u(d) = 5*d**3 + 9*d**2 + 16*d - 65. Is u(8) prime?
False
Suppose -3*q = 5*g - 864, -q + 384 = g + 94. Is q composite?
False
Suppose 10*o + 5504 - 14614 = 0. Is o a prime number?
True
Suppose -3*g - 8 - 1 = 0, 0 = -5*b - 3*g + 16. Suppose 14 = 3*d - 16. Suppose -q - 24 = -2*s - 0*q, -s = b*q + d. Is s composite?
True
Suppose -3*u - 12 = 4*c - 135, 0 = -u + 2*c + 31. Is u a prime number?
True
Let c(i) = -i**3 + 6*i**2 - 5*i + 2. Let w be c(5). Let v(q) = 3*q**2 + 3*q + 0*q**2 + 3 + w*q. Is v(-5) prime?
True
Let p(q) = q - 2. Let c be p(0). Let a be 1*c/4*-4. Suppose z - a*y - 11 = 0, -3*z - 2*y = 3*y - 22. Is z prime?
False
Let u(w) = -6*w + 2. Let r be u(-3). Suppose 2*f + 160 = 6*f + 5*y, -r = -5*y. Is f prime?
False
Let g = -14 - -15. Suppose -w + g = -n, 4*w - 7 = -4*n + 5. Is w a prime number?
True
Let h(w) = 2*w + 2. Let l(y) = -y. Let i(z) = h(z) - 8*l(z). Is i(8) a composite number?
True
Let z be (-1 + 1)*(-8)/(-16). Suppose 12*k - 16*k + 764 = z. Is k a composite number?
False
Suppose o = 2, 0 = -j + o - 2 - 0. Let x be (1 + j)*(0 + -29). Let y = x + 48. Is y a composite number?
False
Suppose 3*j - 2*j = 7. Let t be (-7)/(21/4)*3. Let f = j - t. Is f composite?
False
Suppose -l + 857 = -5*v, l + 2*v - 893 = -2*v. Is l prime?
True
Suppose 6*r - 5*r = 347. Is r composite?
False
Let z be (0/(6/(-3)))/(-2). Let g be z + (1 - (0 + 1)). Suppose u - 2*u + 109 = g. Is u prime?
True
Suppose 0 = -3*o + 28 - 10. Suppose -o = -5*k + 54. Suppose l = 3 + k. Is l composite?
True
Let o(r) = -30*r + 3. Let b be o(-3). Suppose -2*n = -b - 37. Is n a composite number?
True
Suppose -9*j - 316 = -13*j. Is j a composite number?
False
Let x be (-3)/(9/6) + -66. Suppose 0 = -4*g + 8 - 108. Let y = g - x. Is y composite?
False
Let g(p) = 17*p + 4 - p + 1. Is g(5) composite?
True
Let u(q) = -q**3 + 4*q**2 + 5*q - 2. Let j be u(5). Let m(v) = 8*v**2 - 13*v - 9. Let z(c) = 2*c**2 - 3*c - 2. Let n(l) = j*m(l) + 9*z(l). Is n(-2) prime?
False
Let b(v) = 8*v**2 + 25*v + 1. Is b(6) a prime number?
True
Let w = -40 + 83. Is w a composite number?
False
Let o(b) be the second derivative of b**4/3 + 5*b**3/6 + 2*b**2 - b. Is o(-5) a composite number?
False
Let s = -3 + 9. Suppose -m + 3*y = -s*m + 131, 0 = -5*m + y + 123. Let r = 22 + m. Is r a composite number?
False
Let n = -226 - -331. Suppose c = -3*a + 259, -a = -0*a + 5*c - n. Is a prime?
False
Suppose 0 = -3*u - 485 + 3632. Is u a prime number?
True
Let y(s) = -s**2 + 1. Let q(g) = g**3 - 9*g**2 + 1. Let d be q(9). Let x be y(d). Let v(w) = -w**3 + w + 21. Is v(x) prime?
False
Let o(d) = -2*d - 7. Let r be o(-5). Suppose r*n - 20 + 3 = -s, 4*s = -2*n + 18. Suppose -f - 5*i + 105 + 22 = 0, -n*f + 635 = 3*i. Is f prime?
True
Let u(o) = 25*o**2 + 5*o + 4. Let h be u(5). Is h/4 + 1/(-2) composite?
False
Let t(u) = u**3 - u**2 - u - 1. Let g(o) = -4*o**3 + 19*o**2 + 13*o + 23. Let a(y) = g(y) + 5*t(y). Is a(-13) a composite number?
False
Let b = 32 + -25. Let h(m) = m**3 - 2*m**2 - m - 1. Is h(b) prime?
False
Let w = -10 - -2. Let i(n) be the second derivative of n**5/20 + 2*n**4/3 + 7*n**2/2 + 3*n. Is i(w) composite?
False
Let u(r) = -r**2 - r + 43. Let n be u(0). Suppose 0 = 3*k - 9, d + k - n = -3*d. Let z = -3 + d. Is z a composite number?
False
Let c(l) = -9*l**2 - 2*l - 9. Let m be ((-12)/8)/(6/32). Let y(t) = 3*t**2 + t + 3. Let x(v) = m*y(v) - 3*c(v). Is x(2) a composite number?
False
Suppose 381 = -5*f - 369. Let t be f/(-6)*(-4)/2. Let w = -7 - t. Is w prime?
True
Let s = 4884 + -2911. Is s prime?
True
Let o = -11 - -12. Let k = o + 25. Is k prime?
False
Let a be (-4)/18 - (-56)/9. Suppose -5*h + 0*b = -3*b - a, 8 = -4*b. Suppose -2*y + 3*g + 305 = 0, h = -5*y + 2*g + 161 + 574. Is y a composite number?
True
Let x = -873 + 2614. Is x composite?
False
Let w = -97 - -164. Is w a composite number?
False
Let z(y) = 0*y - 5*y - 7 - 4*y**2 + 2 + y**3. Let q(a) = a**2 + 5*a. Let h be q(-6). Is z(h) prime?
True
Suppose -5*v - 9 + 4 = 0. Is ((-217)/(-35))/(v/(-5)) a prime number?
True
Suppose 15*d - 14*d = 141. Is d a composite number?
True
Let c = 238 + -482. Let z be 3/(6/c - 0). Is z/(-18) + 4/18 a composite number?
False
Suppose -y = 12*y - 25285. Is y composite?
True
Is -4 + 6 + -5661*2/(-2) composite?
True
Suppose 0 = -0*q - q - 8. Is 4/q + (-230)/(-4) a prime number?
False
Suppose 5*s - 3*s = 6, -5*b = -3*s - 66. Let d be b/6*(-6)/(-5). Suppose 3*i - 82 = d*g - 22, -5*i - 4*g + 91 = 0. Is i prime?
True
Let h(p) be the third derivative of -p**6/720 + 77*p**5/120 - p**4/24 - 2*p**2. Let g(w) be the second derivative of h(w). Is g(0) composite?
True
Suppose -5*j + 3*j + 3100 = 0. Suppose 5*v = 5*s - j, -2*v - v + 1510 = 5*s. Is s prime?
False
Let t = -2571 + 3854. Is t prime?
True
Suppose -4*x = 5*r - 4*r - 32, -5*r - 2*x + 106 = 0. Let t be -9*(-4)/12 - 3. Suppose 2*k = -3*k - r, 3*i + 2*k - 103 = t. Is i a prime number?
True
Let b be (-2)/4 - 5516/(-8). Suppose 3*k - b = -4*a, -3*k - 3*a = 2*a - 694. Is k composite?
False
Let p be 0/(0/2 - -2). Suppose p = -0*h + 3*h 